102
110
Evaluate 0 - -9 - (3 + 28 - (-26 - -33)).
-15
Calculate 21 + -1 + -4 + 24 + 18 + -5.
53
What is 1 + (57 - (10 - -9)) - 19 - -47?
67
Evaluate -1 - ((18 - 30) + (-4 - 0)) - 48.
-33
Evaluate -766 + 847 + (-57 - 4).
20
What is -40 + (0 - -45 - (-84 - -107))?
-18
Evaluate (-3 - 0) + 6 + 754 + -844.
-87
(-36 - (-121 - (-24 + 39))) + -22
78
Calculate 16 - (453 + -498 + (5 - 0)).
56
2 + 30 + -70 - -72
34
Evaluate -21 + -36 + (-38 - -39) + 144.
88
Calculate (27 - (9 + -3) - 30) + 40.
31
Evaluate (-181 + 96 - -80 - (3 + 1)) + -3 + 0.
-12
(-68 - -155 - 130) + 21
-22
What is the value of -43 + 7 + (-14 - -3)?
-47
Evaluate 99 + (-75 - (137 + -78)).
-35
What is -85 - (-47 + -54 + 106)?
-90
Calculate 5 + 21 - (28 + (-12 - -3)).
7
What is 15 + ((3 - 17) + (22 - 25) - -101)?
99
What is (154 - (20 + 2)) + (-7 - (1 - -5))?
119
What is the value of -2 + 14 - (-39 + (-57 - -79))?
29
What is -113 + 95 - (5 - ((7 - 5) + 16))?
-5
Evaluate 14 - (3 + 4 + 15) - (-4 - -8 - 103).
91
Calculate 56 + 20 - 60 - -14.
30
Calculate 24 - (1 + -12 + 5) - (2 - -10).
18
What is -61 + (7 - -19) + (-46 - -33)?
-48
(-45 - (-117 + 7)) + -103
-38
Evaluate 1382 + -1370 + (3 - (1 + 2 + -34)).
46
What is -6 + (-53 - (4 + 0 + -14))?
-49
Calculate 2 + 25 + 10 + 11 + -30.
18
Calculate 0 + -21 - (-58 + 51 + -6) - (1 - 51).
42
What is the value of (18 + (30 - 3) - 39) + (1 - 61)?
-54
What is the value of 60 - (5 + (33 - -30))?
-8
What is 214 + -174 - ((5 - 11) + 0 + 0)?
46
What is 4 + -28 - (6 - 10 - (-1 - -3))?
-18
Calculate (48 + 2 - (1380 + -1366)) + -1 + 0 + 5.
40
Evaluate -260 + 50 + 50 + 67.
-93
(-54 - 0) + (-2 - 29) + (39 - 23) + 13
-56
What is the value of 199 - 63 - 76 - -46?
106
-15 + -1 - (4 + -10) - (2 + 7)
-19
10344 + -10329 + 44 + 1
60
Calculate 191 + -107 + 5 + (-4 + 8 - 14).
79
Calculate -113 + 88 + -40 - 53.
-118
What is 29 + (-29 - -15) - -22?
37
What is the value of (19 - -2) + -167 + 187 + -95?
-54
-645 - -515 - (-24 + -39)
-67
0 - -91 - (20 + 202)
-131
What is -21 - (626 + -613 - (74 + 2 + -2))?
40
Calculate -134 + 92 + -120 + 117.
-45
What is the value of 0 - (14 + (13 - 18) + 2 + -12)?
1
-2814 - -2826 - (87 + (-1 - -5) - (2 - 3))
-80
What is the value of 55 + -57 - (6 - 11 - -45)?
-42
What is the value of -3 - 24 - (40 + -17 + -26)?
-24
Evaluate 1 + 7 + (-28 - -16 - 20) + 16.
-8
41 + 16 + -12 - 54 - (-2 - (3 + 26))
22
Calculate 33 + -84 - 82 - -70.
-63
Calculate 29 + -1 + -34 + 25 + 27 + 33.
79
Evaluate 1 + -12 - (-72 + (-26 - -4) + 4).
79
Evaluate 0 + -28 - (-50 - (-22 + -48)).
-48
Evaluate 0 + (-6 - (-15 + 6) - 8) + 56 + -2.
49
What is (-2970 - -2933) + 32 + 3 + 0?
-2
What is the value of 100 + (13 - (0 - -5 - (-222 - -203)))?
89
Evaluate 62 - (-8 - -52) - 21.
-3
8 - (1 + 12) - (-4 - 64 - 0)
63
What is the value of 26 + 14 - 123 - 42 - 11?
-136
19 + -3 - 15 - ((-10 - -19) + -75)
67
What is the value of 11 + -17 - ((6 - (-7 - -2)) + (33 - 145))?
95
Evaluate (1 - (-9 - (-20 + 3 - -4))) + 22.
19
Calculate (-14 - -42) + 13 + -24.
17
What is 31 + (-78 - (-167 + 60))?
60
What is -23 + -30 - -67 - 18?
-4
24 + (34 - (-132 + 68))
122
Evaluate -80 + 1 + 812 + -765.
-32
What is 18 + -82 + 21 - ((-3 - -2) + -12)?
-30
What is (-11 - 16) + -43 + 60?
-10
Calculate (104 - 4) + -4 + -65.
31
What is 27 + -35 - -24 - (-2 + 1)?
17
Evaluate (-10 - -43 - 36) + -12 + 0 - -6.
-9
Calculate -53 + 22 + 11 + 5.
-15
Evaluate 1 - -16 - (-20 + (173 - 43) + 11).
-104
Calculate (-4 - -6) + -91 + 50.
-39
(-27 - -20 - (-51 - 3) - -9) + (0 - 9)
47
-72 + -21 + (-10 - -9) + 12 + -6
-88
What is 8 - (9 + -71 + 35)?
35
Evaluate -849 + 838 + -5 + 2 + 4.
-10
Calculate 10 + 16 + 0 + -43 + 0 + 5.
-12
What is the value of -3 + -5 + 0 - (-25 + (-15 - 4))?
36
Calculate (16 + -50 - 39) + 3.
-70
(45 - -80) + -278 - -275
122
What is the value of (-770 - -773) + (-2 - 38)?
-37
187 + -40 + -19 + -62
66
What is the value of 1 + -1 - -11 - (-441 - -440 - (0 + 9))?
21
Calculate 17 - (57 + (-37 - 33)).
30
85 - (-741 + 730 - (-6 - -1 - (-3 - -1)))
93
What is the value of ((20 - 11) + 15 - 4) + 26?
46
What is (-10 - -26 - 5) + (-6 - -2) - (2 - -71)?
-66
What is 9 - (-112 + (34 - -90))?
-3
Calculate 213 + -178 + 6 + -25 + 0.
16
Calculate -79 - ((-28 - -23) + 3 + -48).
-29
What is the value of 216 + -99 + 10 - 128?
-1
What is (-18 - -71) + -33 - 5 - (0 - 23)?
38
What is the value of 0 + -8 - (-2952 + 2974)?
-30
What is -4239 + 4087 + (292 - 3)?
137
Calculate 111 - 122 - (1 + -5 + -3 - -7).
-11
What is 111 + -121 + 65 + (-2 - -16)?
69
27 + (46 - 37 - 20)
16
Calculate -41 + (93 - 91 - (19 + -1)) + 5 + 1.
-51
Evaluate -4 + 13 - ((-10 - 15) + -8) - 11.
31
Evaluate (1 - (-10 + 39) - -16) + -21.
-33
Calculate (0 - -11) + (11 - -5) + (20 - (12 + -87)).
122
Evaluate 0 - 12 - ((21 - 6 - -1) + -17).
-11
Evaluate -1 + (-6 - (-5 - 6)) - (65 + 5 + -9).
-57
(1651 - 1645 - (4 + 1)) + -1 + -54
-54
What is (-2 - (-1 + 9 + 1)) + 18?
7
Calculate 9 - (-79 + 101 + -57).
44
Evaluate -3 - -14 - (120 + -113) - (-26 - -4).
26
Evaluate -1 + -40 - ((-42 - 0 - -3) + 32).
-34
What is the value of (-10 - -1) + (4 - -4 - (10 - (36 + -36)))?
-11
-2 + (4 - 7 - (-23 - (-4 + -18)))
-4
Evaluate 7 - (-6 - (2 + 0 - ((-15 - -15) + 6))).
9
What is the value of 2 - (-32 - (1 + -107))?
-72
Evaluate -48 + 77 + -6 + -72.
-49
Evaluate 29 + -58 + (-3 - -15) + -7 + 77.
53
What is 3 + ((-2 - -9) + 22 - (22 + -29))?
39
What is the value of (1 - (-9 - -3) - (107 + (35 - 87))) + -7?
-55
Calculate 2 + 0 + 2 - ((-732 - -706) + (-26 - 0)).
56
-86 + 13 + (11 - (3 + (12 - 8 - 2)))
-67
What is (-107 - (10 + -234)) + -97?
20
3 + -92 + 25 + 26 + -34 + (-8 - 0)
-80
-38 + (6 - (-7 + 14)) + (-11 - (-24 + 8))
-34
-51 + (-11 - -6) - (-11 - (-19 + 10))
-54
(-2 + 11 - 22) + 9 - 0 - -13
9
Evaluate 2 + (12 - -12 - -8) - 2 - -3.
35
What is the value of 98 + -15 + (749 - 797)?
35
What is the value of -2 + -50 - (-1181 - -1127) - (0 - (0 + 24))?
26
-3 - -33 - (-21 + -50 - -61)
40
Calculate 72 - ((46 - 10) + -10).
46
What is 2 + (3 - (-11 + 12 + -3)) - (14 + 1)?
-8
What is -19 + (188 - 29 - 71)?
69
-10 + -96 + 182 + -19
57
What is (-7 - -6 - (-7 + 2)) + (195 - 158)?
41
What is 106 + (6 - (62 + -70 - (-12 - -2)) - -8)?
118
Evaluate (2 + -16 - -10 - 82 - (2 - 0)) + 1.
-87
-10 + (32 - 20 - (-4 + 7)) + 66 + 0
65
What is the value of 9 + 1 + (-5 - 0) - (47 + 17 + 10)?
-69
Evaluate -15 + -56 + 2 - (53 + -64).
-58
Evaluate -4 + -39 + -10 + 23 + 13.
-17
What is the value of -168 + 52 + (-5 - -3 - -4 - -17)?
-97
What is (-207 - -246) + (1 - -1 - (-1 + 11))?
31
What is the value of -6 - (33 + -20 + -14 + 25 + -6 + -7)?
-17
-5 + 9 + -14 + 6 + (-14 + 0 - -18)
0
-6 - (52 + -17 + -103)
62
38 + (-30 - (-49 + 20))
37
What is (-57 - (-5 - (1 - 3)) - -7) + (16 - 14)?
-45
What is the value of (8 + 11 - 19) + 10 + 17?
27
Evaluate -5 - ((-13 + 10 - -4) + (29 - -2 - 1)).
-36
Calculate 20 - ((1 - (1 - 0)) + 109 + -11 + -105).
27
What is 8 + -47 - -66 - -8?
35
What is -75 + 80 - (-1 - (11 + -1)) - (44 + -10)?
-18
What is the value of 24 + -27 + (-11 - (-10 + 2) - -93) + 7?
94
Calculate (-47 - -3) + -51 + (101 - 57) + (-1 - -17).
-35
Calculate -251 + 299 - (46 + 10).
-8
What is (55 + 23 - 214) + 75?
-61
What is -2 - 0 - (-20 + -3 + 9 - -57)?
-45
Calculate (1 - 3) + (65 - -21 - 98).
-14
What is (18 - 26) + (-68 - 10) - (0 - (4 + 4))?
-78
-16 - ((-24 - 17) + 50)
-25
What is the value of (-2 + -13 - (-220 + 227)) + 26?
4
(26 - 0) + (-35 - -75) + -84
-18
What is the value of (-20 - 8) + (-23 - -2) + 8?
-41
What is the value of (79 - -24) + (-1 + 1 - ((28 - 30) + 4))?
101
What is the value of -4 + -1 - (-172 + 135 + 30 + 5)?
-3
What is the value of -4218 + 4277 - (70 - -1)?
-12
Evaluate -31 - ((-51 - -93) + -74).
1
Calculate -89 - 7 - (65 - 116).
-45
Evaluate 23 + -13 + 15 + (14 - -3).
42
(-28 - -5) + 27 + -7 + 1
-2
2 + 8 + -3 + 1 - (-38 - -83)
-37
What is the value of -11 + 4 - 44 - (14 + -7 - (19 - 9))?
-48
What is the value of -10 + 58 + -32 - (3 + -3 + -46)?
62
What is the value of 48 + 1 + 47 + 44 + -71 + -37?
32
What is -3 + -8 - ((0 - -15) + (-13 - (-11 + 6)))?
-18
What is (3043 - 3039) + -1 + -46?
-43
Calculate 9 + (-20 - -62) + 1.
52
Evaluate -7 + -1 + (-12 - (-14 + (-89 - -11))) - 8.
64
What is (25 - -63) + -76 - (11 - (3 - 2))?
2
Evaluate (34 - (30 - 4)) + -54 + (-5 - -2).
-49
Calculate (23 - (-10 - -6)) + 